nder when 2218188 is divided by 2194?
54
What is the remainder when 150076 is divided by 29829?
931
Calculate the remainder when 196279438 is divided by 80.
78
What is the remainder when 367574 is divided by 367328?
246
What is the remainder when 526683 is divided by 1254?
3
What is the remainder when 2441040 is divided by 14444?
4
Calculate the remainder when 1158536 is divided by 367.
284
Calculate the remainder when 45705 is divided by 632.
201
What is the remainder when 6638879 is divided by 164?
159
What is the remainder when 647453 is divided by 110?
103
Calculate the remainder when 66816898 is divided by 60.
58
What is the remainder when 713284 is divided by 71317?
114
What is the remainder when 1269593 is divided by 39634?
1305
Calculate the remainder when 31631161 is divided by 936.
913
What is the remainder when 3282481 is divided by 89?
72
Calculate the remainder when 32143970 is divided by 14.
12
Calculate the remainder when 5064155 is divided by 620.
615
What is the remainder when 6962427 is divided by 39559?
43
Calculate the remainder when 28375392 is divided by 446.
426
What is the remainder when 22147271 is divided by 91?
55
Calculate the remainder when 704590 is divided by 88073.
6
Calculate the remainder when 304015 is divided by 278.
161
Calculate the remainder when 78988 is divided by 3038.
0
What is the remainder when 347600 is divided by 52?
32
Calculate the remainder when 69190136 is divided by 349445.
26
What is the remainder when 503108 is divided by 602?
438
Calculate the remainder when 450870 is divided by 150285.
15
Calculate the remainder when 211202 is divided by 189.
89
Calculate the remainder when 18684082 is divided by 18.
10
Calculate the remainder when 689831 is divided by 85.
56
What is the remainder when 795386857 is divided by 978?
973
Calculate the remainder when 2335033 is divided by 372.
361
Calculate the remainder when 9753346 is divided by 830.
16
Calculate the remainder when 16230402 is divided by 19.
13
Calculate the remainder when 189366 is divided by 351.
177
What is the remainder when 213891 is divided by 251?
39
What is the remainder when 415456 is divided by 4276?
684
What is the remainder when 22773955 is divided by 1944?
1939
Calculate the remainder when 24591 is divided by 1491.
735
Calculate the remainder when 1717881 is divided by 579.
567
Calculate the remainder when 21109504 is divided by 10554732.
40
What is the remainder when 1220377 is divided by 406781?
34
What is the remainder when 102446159 is divided by 2071?
2
What is the remainder when 1125829 is divided by 11883?
8827
What is the remainder when 6106211 is divided by 3674?
23
What is the remainder when 321582 is divided by 321468?
114
What is the remainder when 14581017 is divided by 32?
25
Calculate the remainder when 10237734 is divided by 920.
894
Calculate the remainder when 32797 is divided by 179.
40
What is the remainder when 239324 is divided by 119161?
1002
Calculate the remainder when 8809718 is divided by 922.
8
Calculate the remainder when 180679 is divided by 1012.
543
Calculate the remainder when 19933028 is divided by 472.
468
Calculate the remainder when 2952105 is divided by 109337.
6
Calculate the remainder when 22495773 is divided by 477.
453
Calculate the remainder when 24435 is divided by 672.
243
Calculate the remainder when 136161506 is divided by 18.
2
Calculate the remainder when 468318 is divided by 233978.
362
Calculate the remainder when 4323857 is divided by 1080960.
17
Calculate the remainder when 2590994 is divided by 145.
134
What is the remainder when 11478674 is divided by 65?
64
What is the remainder when 865539 is divided by 5963?
904
Calculate the remainder when 800143 is divided by 3114.
2959
What is the remainder when 3084945 is divided by 1647?
114
What is the remainder when 3220574 is divided by 1073468?
170
What is the remainder when 63724458 is divided by 1504?
1482
Calculate the remainder when 1612664 is divided by 56.
32
What is the remainder when 1035844 is divided by 81?
16
What is the remainder when 2694023 is divided by 898?
23
What is the remainder when 1859530 is divided by 178?
142
What is the remainder when 10019337 is divided by 6929?
3
Calculate the remainder when 78623993 is divided by 95.
93
Calculate the remainder when 160799588 is divided by 7657123.
5
Calculate the remainder when 460967 is divided by 1890.
1697
What is the remainder when 110930 is divided by 626?
128
Calculate the remainder when 645048 is divided by 4007.
3928
What is the remainder when 719083 is divided by 1960?
1723
What is the remainder when 6869 is divided by 2093?
590
What is the remainder when 91288109 is divided by 151?
2
What is the remainder when 25173572 is divided by 8?
4
Calculate the remainder when 3134208 is divided by 1871.
283
What is the remainder when 37282 is divided by 11979?
1345
What is the remainder when 28113687 is divided by 1853?
1824
What is the remainder when 6172475 is divided by 261?
86
Calculate the remainder when 82973202 is divided by 105.
102
Calculate the remainder when 14800489 is divided by 59.
44
What is the remainder when 45795881 is divided by 1253?
1237
What is the remainder when 36930 is divided by 8850?
1530
What is the remainder when 2393369 is divided by 1196681?
7
What is the remainder when 4406511 is divided by 195?
96
Calculate the remainder when 57720 is divided by 8841.
4674
What is the remainder when 2083196 is divided by 204?
152
Calculate the remainder when 66433 is divided by 66055.
378
What is the remainder when 12208 is divided by 6402?
5806
What is the remainder when 104202 is divided by 1681?
1661
What is the remainder when 2386194 is divided by 962?
434
Calculate the remainder when 81611 is divided by 716.
703
What is the remainder when 7345690 is divided by 23?
19
What is the remainder when 33121683 is divided by 542978?
25
What is the remainder when 201984 is divided by 187?
24
What is the remainder when 52708 is divided by 51635?
1073
Calculate the remainder when 865008 is divided by 519.
354
What is the remainder when 19229 is divided by 18851?
378
Calculate the remainder when 2441916 is divided by 471.
252
What is the remainder when 85336523 is divided by 247?
246
What is the remainder when 28242 is divided by 3546?
3420
Calculate the remainder when 845852 is divided by 13013.
7
What is the remainder when 6268538 is divided by 277?
28
Calculate the remainder when 8606898 is divided by 8606854.
44
What is the remainder when 98867088 is divided by 50?
38
Calculate the remainder when 42888647 is divided by 12.
11
Calculate the remainder when 121694 is divided by 1001.
573
Calculate the remainder when 14524798 is divided by 1452477.
28
What is the remainder when 597251 is divided by 1155?
116
Calculate the remainder when 417145 is divided by 1287.
157
What is the remainder when 1055289 is divided by 9092?
617
What is the remainder when 616265 is divided by 434?
419
What is the remainder when 426566 is divided by 35441?
1274
Calculate the remainder when 265257 is divided by 87824.
1785
Calculate the remainder when 7223402 is divided by 205.
22
Calculate the remainder when 46106942 is divided by 146.
142
What is the remainder when 232559 is divided by 2346?
305
What is the remainder when 326711 is divided by 455?
21
Calculate the remainder when 128212 is divided by 11664.
11572
What is the remainder when 2552025 is divided by 127601?
5
Calculate the remainder when 19622952 is divided by 523.
515
Calculate the remainder when 182401 is divided by 35483.
4986
What is the remainder when 8630191 is divided by 73?
58
What is the remainder when 825855 is divided by 275282?
9
Calculate the remainder when 368563745 is divided by 76.
73
What is the remainder when 6700104 is divided by 23759?
66
Calculate the remainder when 787423 is divided by 787365.
58
Calculate the remainder when 158647 is divided by 278.
187
What is the remainder when 319027 is divided by 39877?
11
Calculate the remainder when 911589 is divided by 934.
5
Calculate the remainder when 10725942 is divided by 15.
12
Calculate the remainder when 309755605 is divided by 147.
145
What is the remainder when 5162 is divided by 2463?
236
What is the remainder when 768090 is divided by 92?
7